 i be a(-37). List the prime factors of o(i).
7, 11, 19
Let d = -60183 - -97767. What are the prime factors of d?
2, 3, 29
Let r(v) = 9*v - 141. Let h(i) = -28*i + 422. Let q(d) = -5*h(d) - 16*r(d). List the prime factors of q(0).
2, 73
Let a(s) = s**2 - 3*s + 3. Let b(x) = -x**2 - 1. Let c(p) = -a(p) - 5*b(p). Let v be c(-1). List the prime factors of (405/(-6) + v)/((-3)/6).
3, 43
Suppose 0 = 75538*k - 75547*k + 159084. List the prime factors of k.
2, 3, 491
Let z = 711 + -677. What are the prime factors of (-868)/84*((-2)/1 - z)?
2, 3, 31
Suppose -44 = 3*r - 14*r. Suppose -6*y - 915 = -7*y + r*g, y + 5*g = 870. What are the prime factors of y?
5, 179
List the prime factors of (-272)/(-10)*(-1262040)/(-1404) - (-2)/9.
2, 3, 5, 163
Let d be -1 + 2 + -442*6/(-12). What are the prime factors of -28 + 28 + (d - (-1 + 1))?
2, 3, 37
Suppose -6*l - 18 = -12*l. Suppose -28 + 16 = -l*z. Suppose -4*j - 472 = 5*h - 1440, 263 = j - z*h. List the prime factors of j.
13, 19
Let h = 167 + -933. Let d = h - -1306. List the prime factors of d.
2, 3, 5
Let h = -43 + 36. List the prime factors of (h/(-4))/((-1491)/(-1484) - 1).
7, 53
Let s(b) = b - 57. Let x be s(-16). Let d = -38 - x. Suppose 22*y + 2704 = d*y. List the prime factors of y.
2, 13
Let b = -951 - -272. Let g = b - -1487. What are the prime factors of g?
2, 101
Let p = 2120 + 3838. List the prime factors of p.
2, 3, 331
Suppose y + 11 = -2*u - 13, -u = -5*y - 131. Let s = -13 - y. What are the prime factors of (s/((-26)/240))/(-1)?
2, 3, 5
Let z(c) = c**3 + 75*c**2 + 127*c + 243. List the prime factors of z(-73).
2, 5, 163
Let m = 73 - 70. What are the prime factors of ((-1725)/(-50))/(m/(-2) - -2)?
3, 23
Suppose 0 = 3*p - 2*t - 25151, -623*p + t = -620*p - 25150. What are the prime factors of p?
83, 101
Suppose 2*l + 340 = -7*w + 2*w, -5*w - 370 = -4*l. Let g = -18 - w. What are the prime factors of g?
2, 13
Let q(c) = 4*c**3 - 5*c**2 - 406*c + 8338. List the prime factors of q(21).
34651
Suppose -1514602 = -41*x - 137*x. List the prime factors of x.
67, 127
Let c = -890 - -1340. Suppose -2*t + c = t. What are the prime factors of -2 + t/(-9)*-3?
2, 3
Suppose 62*k + 156*k - 45667 = 111511. List the prime factors of k.
7, 103
Let k(w) be the second derivative of 11*w**4/12 - 17*w**3/6 + 15*w**2 - 55*w. What are the prime factors of k(6)?
2, 3
Let i be (-7*(-6)/28)/((-7)/(-448)). Suppose 12 = 4*d, -3*d - 13 = 2*q - 4*d. Let s = i - q. List the prime factors of s.
101
Suppose 28 = -5*h + 3*j, h - 3*j = -4*j - 4. Let w be 2/h*90/(-3). Suppose 3*n - w = -2*i + 9, -5 = -n. What are the prime factors of i?
3
Let n(q) = -3645*q**3 - 7*q**2 - 60*q - 102. What are the prime factors of n(-2)?
2, 5, 11, 53
Let b(z) be the second derivative of z**4/12 - 19*z**3/6 + 41*z**2/2 - 46*z - 2. List the prime factors of b(27).
257
Let j = 9647 + -8602. List the prime factors of j.
5, 11, 19
Let x be 91/5 + -4 + (-1)/5. Suppose 13*n - x*n = -413. What are the prime factors of n?
7, 59
Let n = 28 + -25. Suppose -437 = -n*y + 685. Let u = y - 180. List the prime factors of u.
2, 97
Let v(s) = -3 + 8 - 88*s - 8 + 2. Let y = 11 - 12. List the prime factors of v(y).
3, 29
Suppose -3*a + 9 + 3 = 0. Let i be (-6)/((9 - a)/(-75)). Suppose -92*d + i*d + 254 = 0. List the prime factors of d.
127
Let s = 3675 + -478. Suppose -5*q + 0*l + s = -3*l, 2*q = 3*l + 1286. List the prime factors of q.
7, 13
Let b(l) = -l**3 + 8*l**2 - 4*l + 52. Let g be b(10). Let f = 191 + g. What are the prime factors of f?
3
Suppose 5*r = 4*h - h - 82, -5*r - 58 = 3*h. Let w(k) = k**3 + 14*k**2 - 4*k - 2. List the prime factors of w(r).
2, 3
Let a(v) be the first derivative of v**3 - 11*v**2/2 + 44*v - 27. What are the prime factors of a(13)?
2, 3, 17
Let n = 541 + -539. Suppose 2717 + 3798 = 5*l - 2*c, -l + n*c + 1295 = 0. What are the prime factors of l?
3, 5, 29
Let f(p) = 3*p**3 - 3*p**2 + 4*p + 1. Let i be f(-4). What are the prime factors of ((-13922)/(-15) - -2) + 34/i?
2, 3, 5, 31
Suppose -4*j + 834 = -5*d - 49, 1108 = 5*j - 2*d. Suppose 3*i - h = h + 129, -5*i = -h - j. Suppose 43*p + 464 = i*p. What are the prime factors of p?
2, 29
Let s be 5*(-1 + 512) - 1/(-1). List the prime factors of ((-6)/18)/((-2)/s).
2, 3, 71
Let c = 691 - 1291. Let m be (4/7)/2 - c/(-140). Let t(s) = -s**3 + 4*s**2 + 6*s + 10. What are the prime factors of t(m)?
2, 3, 19
Suppose -16 = -b - 7*b. Suppose 7 + 19 = -b*f. Let m = f - -108. List the prime factors of m.
5, 19
Let a = -10 + 3. Let d(w) = w**3 + 8*w**2 - 16*w**2 + 7*w**2 + 2 - 4*w + 11*w**2. List the prime factors of d(a).
3, 59
Suppose 4*n - 228238 = 3*v, -23*n - 171173 = -26*n + 5*v. What are the prime factors of n?
43, 1327
Let r = -13381 - -22686. What are the prime factors of r?
5, 1861
Suppose 5*x - 30 = -4*l, 0 = 4*l - 4*x - 6 - 6. Suppose -l*j - 179 = -2109. What are the prime factors of j?
2, 193
Suppose 2*r - 736 = -144. Let s = r - -30. List the prime factors of s.
2, 163
Let h(u) = 2*u**2 - u - 93. Let t be h(19). Suppose -8098 = -18*y - t. What are the prime factors of y?
2, 13
Suppose -11*o + 780 = -24*o. What are the prime factors of (o/(-4))/(-5) - -441?
2, 3, 73
List the prime factors of 10977 - -3*(-8)/((-72)/15).
2, 17, 19
Let y(s) = -2*s**2 - 20*s - 6. Let l be y(-8). Let d be 8/8 + 1*l. Suppose -d = 6*p - 7*p. List the prime factors of p.
3
Suppose 2*m - 3*c - 232 = c, -2*m = 5*c - 259. Let p(h) = h - 17. Let u be p(-11). Let q = u + m. List the prime factors of q.
2, 47
Suppose -9 = -t - 2*s, -3*t + 3*s + 7 = -s. Suppose 0 = t*x - 13*x + 1152. Suppose v - 2*j = x, 0*v + 3*v - 402 = -4*j. What are the prime factors of v?
2, 3, 23
Let d(s) = -8790*s - 730. What are the prime factors of d(-5)?
2, 5, 2161
Let b(h) = -21*h**2 - 5*h + 4. Let y be b(3). Let w = y - -238. List the prime factors of w.
2, 19
Suppose 2*j + 724 + 2416 = 2*s, s = -2*j + 1558. List the prime factors of s.
2, 3, 29
Let s(g) = 10*g + 22. Let r(k) = -k. Let t(q) = 2*r(q) + s(q). Let f be t(-2). Let o(y) = 13*y - 19. List the prime factors of o(f).
59
Let y = 4415 + 3525. List the prime factors of y.
2, 5, 397
Suppose -817894 = -148*h + 2893650. List the prime factors of h.
2, 12539
Let c = -22233 - -31744. List the prime factors of c.
9511
Suppose 12*l - 17*l = -16*f - 89351, -5*l - 3*f = -89237. What are the prime factors of l?
17851
Suppose -25728 = -1054*l + 1051*l. What are the prime factors of l?
2, 67
Let d(i) = -i**2 - 14*i + 57. Let h be d(-14). List the prime factors of (6/4)/(h/32452).
2, 7, 61
Suppose 33*d - 122790 = 64320. What are the prime factors of d?
2, 3, 5, 7
Suppose -3*v - 18*v = -45717. What are the prime factors of v?
7, 311
Let b = 411 + -495. What are the prime factors of (-932)/3*(-7)/b*-9?
233
Let y(o) = 2*o**2 + 2*o + 29. Let q(t) = -2*t**2 - 2*t - 28. Let l(s) = -3*q(s) - 2*y(s). Let j be l(6). Suppose 12*x + j = 13*x. List the prime factors of x.
2, 5, 11
Let k(z) = -5*z + 101. Let q be k(19). What are the prime factors of q + 1 + 399*2?
5, 7, 23
Suppose 2*s + 3*h - 7 = 0, -s - s + h + 3 = 0. Suppose 0 = -s*k + 2*d + 40, -d + 9 = 5*k - 79. Suppose 445 = -13*m + k*m. What are the prime factors of m?
89
Suppose 0 = 3*u + 5*n - 41779, 0 = -41*u + 46*u - 4*n - 69607. What are the prime factors of u?
3, 7, 13, 17
Suppose 0 = 17*j - 1628 - 259. Let z = 4 + -2. Suppose j = z*q + q. What are the prime factors of q?
37
Suppose 169*v - 216060 = 139*v. What are the prime factors of v?
2, 13, 277
What are the prime factors of (-1108)/(-831) + -8*25078/(-12)?
2, 5, 11, 19
Suppose 0 = -35*m + 26*m - 18. What are the prime factors of (5 - (0 - -7))*797/m?
797
Let o(f) = -2*f**2 + 3*f + 22. Let d be o(0). List the prime factors of 4880/d - 3/((-330)/20).
2, 3, 37
Let r be (-5)/(-5) - -2*1. Suppose -5*h - 3*d + 12 = 0, -r*h - 2*d + 5 = 2*d. Suppose h*c - 675 = -6*x + x, -5*c + 251 = 2*x. What are the prime factors of x?
2, 3, 23
Suppose 15 = 4*m + 3. Suppose -40*o + 2*t + 10 = -35*o, -4*t = -3*o + 20. Suppose 4*u = -4, 2*u = m*k - o*u - 743. List the prime factors of k.
13, 19
Let p(c) = -9*c**2 - 197*c - 104. Let m(t) = 5*t**2 + 100*t + 52. Let k(y) = 5*m(y) + 3*p(y). What are the prime factors of k(-39)?
5, 7, 13
What are the prime factors of (-228805)/(-50) - 6/60?
2, 11, 13
Let y = 375 + -367. Su